{"id":33,"date":"2021-03-29T22:23:23","date_gmt":"2021-03-29T22:23:23","guid":{"rendered":"https:\/\/medianews.rs\/?page_id=33"},"modified":"2022-01-14T13:31:48","modified_gmt":"2022-01-14T13:31:48","slug":"home","status":"publish","type":"page","link":"https:\/\/medianews.rs\/","title":{"rendered":"HOME"},"content":{"rendered":"<p>[vc_row][vc_column][vc_column_text css=&#8221;.vc_custom_1617056990424{margin-top: 20px !important;margin-right: 20px !important;margin-bottom: 20px !important;margin-left: 20px !important;}&#8221;]<\/p>\n<h2 style=\"text-align: center;\">\u00dcDV\u00d6Z\u00d6LJ\u00dcK A WEBOLDALUNKON<\/h2>\n<p style=\"text-align: center;\"><strong>Kedves l\u00e1togat\u00f3!<\/strong><\/p>\n<p>N\u00e9zze meg oldalunkat, \u00e9s ismerje meg eddigi munk\u00e1nkat. Egy \u00e9letre sz\u00f3l\u00f3 tapasztalat \u00e1ll m\u00f6g\u00f6tt\u00fcnk a televizi\u00f3s m\u00e9diaszolg\u00e1ltat\u00e1sok ter\u00e9n amelyet sz\u00e1mos hazai \u00e9s k\u00fclf\u00f6ldi megrendel\u0151nek ny\u00fajtottunk eddig. A r\u00e1nk b\u00edzott feladatokat -valamilyen esem\u00e9ny k\u00e9panyagban t\u00f6rt\u00e9n\u0151 meg\u00f6r\u00f6k\u00edt\u00e9s\u00e9t, \u00e9s az anyag feldolgoz\u00e1s\u00e1t-, profi felszerel\u00e9ssel sz\u00ednvonalasan v\u00e9gezz\u00fck el. Legyen ez dokumentumfilm, t\u00e1j\u00e9koztat\u00f3 jelleg\u0171 riport vagy rekl\u00e1mfilm k\u00e9sz\u00edt\u00e9se, esetleg rendezv\u00e9nyekr\u0151l, esem\u00e9nyekr\u0151l val\u00f3 besz\u00e1mol\u00e1s ak\u00e1r t\u00f6bb kamerabe\u00e1ll\u00edt\u00e1ssal is. Anyagjaink k\u00edt\u0171n\u0151 audi\u00f3 \u00e9s video min\u0151s\u00e9gben k\u00e9sz\u00fclnek. Sz\u00fcks\u00e9g eset\u00e9n idegen produkci\u00f3nak helyi t\u00e1mogat\u00e1st is ny\u00fajtunk. Amennyiben felkeltett\u00fck \u00e9rdekl\u0151d\u00e9s\u00e9t, keressen fel minket.[\/vc_column_text][\/vc_column][\/vc_row][vc_row gap=&#8221;1&#8243; content_placement=&#8221;middle&#8221;][vc_column width=&#8221;1\/3&#8243; css=&#8221;.vc_custom_1617058025338{background-color: #9e9e9e !important;}&#8221;][vc_video link=&#8221;https:\/\/www.youtube.com\/watch?v=gM0wmnG2Vmo&#038;list=PL5PADnBz5yaK5bmQ_28ZdQChpYKMRIqPN&#8221; title=&#8221;Siker&#8221; css=&#8221;.vc_custom_1642167099595{background-color: #9e9e9e !important;}&#8221;][vc_separator border_width=&#8221;3&#8243;][vc_column_text css=&#8221;.vc_custom_1617100768497{margin-bottom: 48px !important;}&#8221;]<span style=\"color: #ffffff;\">A kis- \u00e9s k\u00f6z\u00e9pv\u00e1llalkoz\u00f3k Siker c\u00edm\u0171 magyar nyelv\u0171 m\u0171sora a Vajdas\u00e1gi R\u00e1di\u00f3 \u00e9s Televiz\u00f3 2 csaton\u00e1j\u00e1n l\u00e1that\u00f3 havi rendszeress\u00e9ggel 2009 \u00f3ta. A f\u00e9l \u00f3r\u00e1s magazin m\u0171sor a Vajdas\u00e1g gazdas\u00e1g\u00e1ban el\u00e9rt eredm\u00e9nyeket, sikeres v\u00e1llalkoz\u00f3kat \u00e9s \u00faj jogszab\u00e1lyokat mutatja be k\u00fcl\u00f6n\u00f6s tekintettel a szerb-magyar gazdas\u00e1gi egy\u00fcttm\u0171k\u00f6d\u00e9sre, valamint a Szerbi\u00e1ba val\u00f3 Magyarorsz\u00e1gi beruh\u00e1z\u00e1sokra. A m\u0171sor 3-4 riportb\u00f3l \u00e9s az \u0151ket \u00f6sszek\u00f6t\u0151 felkonfer\u00e1l\u00e1sokb\u00f3l \u00e1ll.<\/span>[\/vc_column_text][\/vc_column][vc_column width=&#8221;1\/3&#8243; css=&#8221;.vc_custom_1617058073379{background-color: #9e9e9e !important;}&#8221;][vc_video link=&#8221;https:\/\/www.youtube.com\/playlist?list=PL5PADnBz5yaI4QtKbzxXOXUxEizQg61rb&#8221; title=&#8221;Aranykor&#8221; css=&#8221;.vc_custom_1619508935984{background-color: #9e9e9e !important;}&#8221;][vc_separator border_width=&#8221;3&#8243;][vc_column_text]<span style=\"color: #ffffff;\">Az Aranykor c\u00edm\u0171 szeniorm\u0171sort a Vajdas\u00e1gi R\u00e1di\u00f3 \u00e9s Televizi\u00f3 2 csatorn\u00e1ja sug\u00e1rozza havi rendszeress\u00e9ggel 2009 \u00f3ta. A f\u00e9l \u00f3r\u00e1s magazin m\u0171sor el\u0151sorban az id\u0151sebb TV n\u00e9z\u0151kh\u00f6z sz\u00f3l, az \u0151ket \u00e9rint\u0151 t\u00e9m\u00e1kat \u00e9s esem\u00e9nyeket igyekszik megtal\u00e1lni \u00e9s feldolgozni. Olyan jogszab\u00e1lyokr\u00f3l inform\u00e1l amelyek a nyugd\u00edjas ell\u00e1t\u00e1ssal kapcsolatosak, \u00e9s az id\u0151sebb koroszt\u00e1ly eg\u00e9szs\u00e9g\u00fcgyi \u00e9s pszichofizikai gondjaival foglalkozik. Az ad\u00e1snak egy ismert nyugd\u00edjas sz\u00edn\u00e9szn\u0151 szem\u00e9ly\u00e9ben \u00e1lland\u00f3 h\u00e1zigazd\u00e1ja van, aki az ad\u00e1s elej\u00e9n egy j\u00f3pofa, olykor megr\u00e1z\u00f3 anekdot\u00e1val ind\u00edtja el a m\u0171sort.<\/span>[\/vc_column_text][\/vc_column][vc_column width=&#8221;1\/3&#8243; css=&#8221;.vc_custom_1617102459738{background-color: #9e9e9e !important;}&#8221;][vc_video link=&#8221;https:\/\/www.youtube.com\/watch?v=uRZKTGvdTbs&amp;list=PL5PADnBz5yaKybyZ8gfhFN3Mk0L9n9sRz&#8221; title=&#8221;Riportok&#8221;][vc_separator border_width=&#8221;3&#8243;][vc_column_text]I am text block. Click edit button to change this text. Lorem ipsum dolor sit amet, consectetur adipiscing elit. Ut elit tellus, luctus nec ullamcorper mattis, pulvinar dapibus leo.[\/vc_column_text][\/vc_column][\/vc_row]<\/p>\n","protected":false},"excerpt":{"rendered":"<p>[vc_row][vc_column][vc_column_text css=&#8221;.vc_custom_1617056990424{margin-top: 20px !important;margin-right: 20px !important;margin-bottom: 20px !important;margin-left: 20px !important;}&#8221;] \u00dcDV\u00d6Z\u00d6LJ\u00dcK A WEBOLDALUNKON Kedves l\u00e1togat\u00f3! N\u00e9zze meg oldalunkat, \u00e9s ismerje meg eddigi munk\u00e1nkat. Egy \u00e9letre sz\u00f3l\u00f3 tapasztalat \u00e1ll m\u00f6g\u00f6tt\u00fcnk a televizi\u00f3s m\u00e9diaszolg\u00e1ltat\u00e1sok ter\u00e9n amelyet sz\u00e1mos hazai \u00e9s k\u00fclf\u00f6ldi megrendel\u0151nek ny\u00fajtottunk eddig. A r\u00e1nk b\u00edzott feladatokat -valamilyen esem\u00e9ny k\u00e9panyagban t\u00f6rt\u00e9n\u0151 meg\u00f6r\u00f6k\u00edt\u00e9s\u00e9t, \u00e9s az anyag feldolgoz\u00e1s\u00e1t-, profi<\/p>\n","protected":false},"author":1,"featured_media":0,"parent":0,"menu_order":0,"comment_status":"closed","ping_status":"closed","template":"","meta":{"footnotes":""},"class_list":["post-33","page","type-page","status-publish","hentry"],"_links":{"self":[{"href":"https:\/\/medianews.rs\/index.php\/wp-json\/wp\/v2\/pages\/33","targetHints":{"allow":["GET"]}}],"collection":[{"href":"https:\/\/medianews.rs\/index.php\/wp-json\/wp\/v2\/pages"}],"about":[{"href":"https:\/\/medianews.rs\/index.php\/wp-json\/wp\/v2\/types\/page"}],"author":[{"embeddable":true,"href":"https:\/\/medianews.rs\/index.php\/wp-json\/wp\/v2\/users\/1"}],"replies":[{"embeddable":true,"href":"https:\/\/medianews.rs\/index.php\/wp-json\/wp\/v2\/comments?post=33"}],"version-history":[{"count":64,"href":"https:\/\/medianews.rs\/index.php\/wp-json\/wp\/v2\/pages\/33\/revisions"}],"predecessor-version":[{"id":152,"href":"https:\/\/medianews.rs\/index.php\/wp-json\/wp\/v2\/pages\/33\/revisions\/152"}],"wp:attachment":[{"href":"https:\/\/medianews.rs\/index.php\/wp-json\/wp\/v2\/media?parent=33"}],"curies":[{"name":"wp","href":"https:\/\/api.w.org\/{rel}","templated":true}]}}